it of 9/(6/4*w)?
6
Suppose -78 = -6*r + 180. What is the tens digit of r?
4
Let h(n) = n**2 - 6*n - 4. Let m be h(7). Let t be 3 + (2 - m/3). Suppose t*s - 65 = -s. What is the units digit of s?
3
Let r = 25 - 18. Let a = 17 - r. What is the units digit of a?
0
Suppose 9 + 16 = -5*n, 4*n = -2*z - 74. Let a = -4 - z. What is the units digit of a?
3
Suppose -2*d = 4*x - 1 - 11, 0 = -2*d - 2*x + 18. Let n = 53 - d. What is the tens digit of n?
4
Suppose -7 = -3*z - 3*m + 5, -5*z - 2*m + 5 = 0. What is the tens digit of 10/(1 - (1 + z))?
1
Let q be 3 + 1 - (-1 + 2). Let v = q - -1. Suppose -50 = -v*s - s. What is the units digit of s?
0
Let c = 13 - 8. Let j = -19 - -47. Suppose -c*v + 3*v = -j. What is the tens digit of v?
1
Let t(u) = -u**3 + 3*u**2 - 2. Let k be t(2). What is the units digit of (-2 - -1) + 6 - k?
3
Let y(h) = 76*h**2 + 1. Let c be y(-1). Let u = -55 + c. What is the tens digit of u?
2
Let s(g) = -g + 2. Let m be s(2). Let k = 1 - m. What is the units digit of k?
1
Suppose 0 - 2 = u. What is the units digit of (-1)/(13/(-6) - u)?
6
Let q(k) = -k**2 - 3*k + 7. Let w be q(-5). Let i(z) = -2*z - 17. Let f be i(-8). Let n = f - w. What is the units digit of n?
2
Suppose 5*f - 14 = -4. What is the tens digit of 13 - 0 - (f - 3)?
1
Let l(z) = -z**2 + 10*z + 9. Let p be l(9). Let y = 25 - p. What is the units digit of y?
7
Let c = 11 - 8. Let q be 0/((0 + 3)/c). Suppose -2*n + 10 = -q*n. What is the units digit of n?
5
What is the units digit of (0/(-1) - (-5)/(-10))*-14?
7
Suppose 4*i - 19 = -3. What is the units digit of i/(-10) + (-37)/(-5)?
7
Let c = 15 - 3. What is the tens digit of (4/c)/(1/51)?
1
Let k = 5 + 0. Suppose k*p = 9*p - 16. What is the units digit of p?
4
Suppose 5*q = 142 - 7. What is the units digit of q?
7
Let s = 9 + 19. Suppose -5*j - 12 = 4*r - 0*j, 3*j = -5*r - s. Let x = r - -19. What is the units digit of x?
1
Suppose -b + 7 = 2. Let f(o) = o**3 - 5*o**2 - 3. Let a be f(b). What is the units digit of 2 - (6/a - 3)?
7
Let y be 14/3 - (-4)/(-6). Suppose y*b = -5*d + 90, 3*b = 2*b. What is the tens digit of d?
1
Let p = 10 - 7. Suppose 0 = 4*k + 2*s - 96, k = -p*k + 2*s + 80. What is the tens digit of k?
2
Let z(w) = -w**3 + 11*w**2 + 5. Let h be z(11). Suppose 3*m + 2*m - 15 = -h*r, -3*r + 2 = -4*m. What is the units digit of r?
2
Let m = -2 - -2. Suppose -5*z - 15 = 10. Let l = m - z. What is the units digit of l?
5
Suppose 0 = -b + 5*b - 8. Suppose -b*l = -5*l + 21. What is the units digit of l?
7
What is the tens digit of 2/(8/354) + (-33)/22?
8
Let u = 5 + -6. Let y(q) = 44*q**2 - q. What is the tens digit of y(u)?
4
Let x(k) = k**3 - 4*k**2 - k + 5. Let a be x(4). Let j(t) = -1 + t + 2 + 11*t - 6*t. What is the units digit of j(a)?
7
Let d = 216 - 79. What is the tens digit of d?
3
Let i be ((-144)/(-3))/(3/4). What is the units digit of (-1)/(-4) + 1136/i?
8
What is the units digit of (-3124)/(-26) - (-8)/(-52)?
0
Let d = 3 - 1. What is the tens digit of 1/2*40/d?
1
What is the tens digit of 3/(-12)*(-1 + 5 + -680)?
6
What is the tens digit of (-9)/12 - 4613/(-28)?
6
Let x(d) = -d**3 - 6 - 2 - 4*d**2 - 1 - 2*d. What is the tens digit of x(-5)?
2
Let b(z) = -9*z**3 + 1. What is the tens digit of b(-1)?
1
Let h(f) = 3*f - 1. Let l be h(1). Let r be 92/28 - l/7. Suppose 0*y + 2*y - 12 = -r*s, -4*y + 16 = 4*s. What is the units digit of s?
4
Let m = 26 + -53. Let u = 53 + m. What is the tens digit of u?
2
Suppose -472 = 7*n - 11*n. What is the units digit of n?
8
Suppose 0 = -d - 2*l - 6, d + l - 2 = 3*l. Let a(o) = 3*o - 8. Let y be a(6). Let q = d + y. What is the units digit of q?
8
Suppose 0*d + d = -14. Let g = 5 - d. What is the units digit of g?
9
Suppose -3*u = 4*k - 21, 2*u - 25 = -5*k - 3*u. Suppose 4*r + 20 = k*r. What is the tens digit of r?
1
Suppose 8*k + 20 = 3*k. What is the units digit of (-3)/k + 2/8?
1
Let a(k) = -k**3 + 3*k**2 + 3*k + 1. Let j(i) = i**2 - 1. Let p(y) = -a(y) + 2*j(y). What is the units digit of p(3)?
6
Let c = 292 - 122. Suppose -4*a - c = -9*a. Let h = -19 + a. What is the tens digit of h?
1
Let u(y) = -y**3 + 10*y**2 + y - 15. What is the units digit of u(9)?
5
Suppose -p + 7*p = 108. What is the units digit of p?
8
Suppose 0 = -13*z + 10*z + 174. Suppose 0 = 2*s - 4*h - z, s + 4*h - 18 = -s. What is the tens digit of s?
1
Let j(x) = -x**2 + 6*x + 10. Let m be j(7). Suppose -2*r = -3*r - 1, r + 13 = m*l. What is the units digit of l?
4
Suppose -2*n + 9 = -31. Suppose -4*q + 2*l + n = 0, q + 13 + 0 = 5*l. What is the units digit of q?
7
Let w(i) = 2*i**2 + 6*i - 8. What is the units digit of w(-7)?
8
What is the hundreds digit of (-681 - 0)/(12/(-4))?
2
Let j = -23 - -14. Let a = 0 - j. What is the units digit of a?
9
What is the units digit of (-936)/(-90)*(-25)/(-2)?
0
Let t be 2*(1 + 14/(-4)). Let o(p) = -p**3 - 6*p**2 - 4*p + 7. What is the units digit of o(t)?
2
Let n = -140 - -374. What is the tens digit of n?
3
What is the hundreds digit of -160*((-8)/2)/4?
1
Suppose -3*d + 141 = -3*i + 8*i, 0 = -5*i. What is the units digit of d?
7
Let f(m) = 18*m. Let l be f(7). Suppose -4*h = 0, -2*h - 10 = -4*u - 30. What is the units digit of (-3)/u - l/(-15)?
9
What is the tens digit of 3*9/(-3)*-8?
7
What is the units digit of (-6)/(-39) - 924/(-78)?
2
Let k(v) be the third derivative of v**4/24 - v**3/3 + 2*v**2. Suppose 0 = -2*l + 3 + 5. What is the units digit of k(l)?
2
Let p(w) be the first derivative of 5/2*w**2 - 1 + 1/3*w**3 - 2*w. What is the tens digit of p(-7)?
1
What is the tens digit of (-1281)/(-35) + 2/5?
3
Suppose -4*h - 13 + 1 = 0. What is the units digit of (76/h)/((-6)/9)?
8
Let s = -13 + 21. What is the units digit of s?
8
Suppose 153 = -a + 6*a - f, -4*f + 132 = 4*a. Let s = a + -10. What is the tens digit of s?
2
Suppose -15 = 5*n + 5. Suppose 0 = -2*t + 5*t + 18. Let i = n - t. What is the units digit of i?
2
Suppose k - 162 + 1 = -3*v, 4*v = -3*k + 223. What is the tens digit of v?
5
Suppose -2*l + 0 = -10. Suppose 118 - 43 = l*d. Suppose 3*k = -d, 4*r - k = 77 - 24. What is the units digit of r?
2
Let w be 3/(-9) - (-32)/6. Suppose -m - 5*j + 27 = 0, -5*j + 19 + 16 = w*m. What is the tens digit of 9/2*m - -2?
1
Let r(c) = -c**3 + 6*c**2 - 4*c - 3. Let h be r(5). Suppose -l = -2*a + h*l + 39, 32 = a - 4*l. What is the tens digit of a?
1
Let i = 710 - 493. What is the hundreds digit of i?
2
Let r(u) = u**2 - 2. Let t be r(3). What is the units digit of (2 + (-1)/1)*t?
7
Let o(t) = -t**2 - t - 2 + 0 + 4*t. Let l be o(2). Suppose m - 11 = -r + 4, l = -3*m + 12. What is the units digit of r?
1
Let c(p) be the second derivative of p**5/20 - 5*p**4/12 + 2*p**3/3 + p**2 - 14*p. Suppose 9 = 4*r - 7. What is the units digit of c(r)?
2
Suppose 0 = 2*k - 6*k. Let b = 11 + k. What is the units digit of b?
1
Let i(c) = 2*c**2 - 8*c + 8. Suppose 0*u - 2*u + 8 = 0. What is the units digit of i(u)?
8
Let o(t) = t**2 + 18*t + 45. What is the tens digit of o(-18)?
4
Let k(p) = 3*p**3 + p - 1. Let d be k(1). What is the units digit of ((-2)/(-3))/(d/36)?
8
Let d(y) = -y - 4. What is the units digit of d(-9)?
5
Let k(v) = -1. Let p(z) = z - 11. Let j be (6*(-4)/6)/1. Let u(c) = j*k(c) - p(c). What is the units digit of u(12)?
3
Let s(g) = -g**2 + 3*g + 1. Let y be s(3). What is the units digit of (15/10)/(y/2)?
3
Suppose 6*q = 313 + 209. What is the units digit of q?
7
Suppose d + 2*g + 2*g = 87, d = 2*g + 117. What is the tens digit of d?
0
Suppose 2*x + 3*p - 97 = -0*x, -4*x - 3*p + 191 = 0. What is the tens digit of x?
4
Let n = -26 - -31. Suppose -76 = -2*b + 5*t, n*b - 4*t - 236 = -3*t. What is the units digit of b?
8
Suppose 3*o + 5*d = o + 25, -5*o - 2*d + 10 = 0. Let h be 1 - o - (-108)/2. Let i = h - 38. What is the units digit of i?
7
What is the units digit of 5 + 1 + -2 - 0?
4
Suppose -4*d - 9 = 55. Let t = d - -35. What is the units digit of t?
9
Suppose 0 = 4*x - n + 2*n - 10, -3*x + 16 = 5*n. Let b(h) = -h**3 + 12 + 5*h - 3*h**2 - x*h**2 - 7. What is the units digit of b(-6)?
1
Suppose 17 = 2*d - 39. What is the tens digit of d?
2
Let c = 23 - 8. Suppose 2*n - 2*s - c = 5, -2*s + 15 = 3*n. What is the units digit of n?
7
Let t(r) = -r**2 - 6*r - 4. Let l be t(-5). What is the tens digit of (-32)/(-2) - l - -1?
1
Let f = -5 + 7. Suppose 2*g + 9 = 3*g. 